{"id":79,"date":"2019-06-11T23:11:14","date_gmt":"2019-06-11T21:11:14","guid":{"rendered":"http:\/\/f6kmf.fr\/?page_id=79"},"modified":"2019-06-11T23:19:38","modified_gmt":"2019-06-11T21:19:38","slug":"a-partir-de-quel-age","status":"publish","type":"page","link":"https:\/\/f6kmf.fr\/index.php\/a-partir-de-quel-age\/","title":{"rendered":"A partir de quel \u00e2ge ?"},"content":{"rendered":"\n<p>Il n&rsquo;y a pas d&rsquo;\u00e2ge minimum, certains jeunes deviennent radioamateurs \u00e0 10\/12 ans, ils suffit qu&rsquo;ils soient attir\u00e9s par les sciences, les langues \u00e9trang\u00e8res ou la g\u00e9ographie.<\/p>\n","protected":false},"excerpt":{"rendered":"<p>Il n&rsquo;y a pas d&rsquo;\u00e2ge minimum, certains jeunes deviennent radioamateurs \u00e0 10\/12 ans, ils suffit qu&rsquo;ils soient attir\u00e9s par les<\/p>\n","protected":false},"author":1,"featured_media":0,"parent":0,"menu_order":0,"comment_status":"closed","ping_status":"closed","template":"","meta":{"colormag_page_container_layout":"default_layout","colormag_page_sidebar_layout":"default_layout","footnotes":""},"class_list":["post-79","page","type-page","status-publish","hentry"],"_links":{"self":[{"href":"https:\/\/f6kmf.fr\/index.php\/wp-json\/wp\/v2\/pages\/79","targetHints":{"allow":["GET"]}}],"collection":[{"href":"https:\/\/f6kmf.fr\/index.php\/wp-json\/wp\/v2\/pages"}],"about":[{"href":"https:\/\/f6kmf.fr\/index.php\/wp-json\/wp\/v2\/types\/page"}],"author":[{"embeddable":true,"href":"https:\/\/f6kmf.fr\/index.php\/wp-json\/wp\/v2\/users\/1"}],"replies":[{"embeddable":true,"href":"https:\/\/f6kmf.fr\/index.php\/wp-json\/wp\/v2\/comments?post=79"}],"version-history":[{"count":2,"href":"https:\/\/f6kmf.fr\/index.php\/wp-json\/wp\/v2\/pages\/79\/revisions"}],"predecessor-version":[{"id":102,"href":"https:\/\/f6kmf.fr\/index.php\/wp-json\/wp\/v2\/pages\/79\/revisions\/102"}],"wp:attachment":[{"href":"https:\/\/f6kmf.fr\/index.php\/wp-json\/wp\/v2\/media?parent=79"}],"curies":[{"name":"wp","href":"https:\/\/api.w.org\/{rel}","templated":true}]}}